umber?
False
Let q be 4861/6 - (-10)/(-60). Suppose -4*z + q = -778. Is z prime?
True
Suppose -4*m = -i + 11, 4*i = 5*m + 29 - 7. Suppose -4*x - 717 - 385 = -2*k, 2*k = i*x + 1103. Is k a prime number?
False
Let v(r) = 15*r + 9. Let k be v(-6). Is (-1606)/(-18) - (-18)/k composite?
False
Let p be 5/(((-7)/4)/7). Let v(g) = g**2 - 28*g - 2. Is v(p) prime?
False
Suppose s - 10774 = -5*i, -i + 18*s + 2151 = 22*s. Is i a prime number?
False
Suppose -x = 98 - 249. Suppose -z + x = -378. Is z composite?
True
Suppose -4 = -2*m, 3*m = -3*c + 6*m + 3213. Is c a composite number?
True
Let r = -10921 - -18974. Is r prime?
True
Suppose -6*i - 2 = -26. Suppose i*b + 17 - 13 = 0. Is 181 - (2 + 1 + b) a prime number?
True
Let a(j) = -7*j**2 - 8*j - 7. Let m(o) = 13*o**2 + 15*o + 14. Let c(f) = 5*a(f) + 3*m(f). Is c(-5) a prime number?
False
Suppose -2 = -3*u + 10. Suppose -757 = -3*d - m, u*d + 3*m - 1011 = 2*m. Let f = -139 + d. Is f prime?
False
Let w = -31820 - -71155. Is w prime?
False
Suppose -323 = 5*w - 2*o - 2572, 2246 = 5*w - 3*o. Is w a prime number?
False
Suppose 108 = -i + 3*i - 5*b, -2*b - 108 = -2*i. Suppose -33 = 3*h - 2*n, -5*h - i = -2*n - n. Is h/(-3) + (-2 - -18) prime?
True
Let l = 131 - 125. Is l/(-21) - 9309/(-21) a prime number?
True
Suppose -4*q + q - 6 = 0. Let v(c) = 74*c**2 + 2. Let y be v(q). Let n = y - 179. Is n a composite number?
True
Suppose -16 = -4*h - 2*i, h - 4*i + 8 + 6 = 0. Is ((-583)/h)/((-13)/26) a prime number?
False
Is (90/(-60))/(9749/(-9746) - -1) a prime number?
False
Suppose 12 = -r + 4*r. Suppose t + 4*i - 10 = 6*t, -23 = -r*t - 3*i. Suppose -2*m - t*m - 4*x = -548, 135 = m + 2*x. Is m a composite number?
False
Suppose 70 = -8*t + 13*t. Let q be (-156)/(-15)*805/t. Suppose 5*o = q + 1267. Is o prime?
True
Is (((-113802)/12)/(-13))/((-1)/(-10)) prime?
False
Let p = 63038 + -37599. Is p composite?
False
Suppose -3*v + 1092 + 1689 = 0. Is v - 9/(45/(-10)) a composite number?
False
Let k be ((-28)/(-12))/(1/3). Let f = 11 - k. Suppose 2*z - z = 2*p - 86, f*z = 0. Is p a composite number?
False
Let m(z) = z + 5. Let q be m(-1). Suppose 4*v - 10448 = -q*f, 4*v + 7407 + 5626 = 5*f. Is f prime?
True
Let f(u) = 298*u**2 + 2*u - 19. Is f(5) prime?
False
Let x(s) = -s**3 - 3*s**2 + 9*s - 6. Let h be ((-2)/(-1))/(24/(-84)). Is x(h) a composite number?
False
Suppose -11*o + 2 = 13. Is o/(6/954*-3) composite?
False
Let m = 11 + -8. Suppose -8*i - 19 = -3*i + m*h, 5*h + 15 = 0. Is 302 + i + 2 + -1 a composite number?
True
Is 2*695/30*69 prime?
False
Suppose 236*s - 66001 = 223*s. Is s composite?
False
Let k(z) = 1105*z + 847. Is k(34) prime?
False
Is (-40)/(-30) + 21854/3 prime?
False
Suppose -6 + 4 = 3*y - 2*m, -2*m = 4*y - 16. Suppose y*s - 4*q + 63 = 5*s, -84 = -4*s - 3*q. Is s prime?
False
Let n(i) = -386*i - 7. Let d(l) = -387*l - 8. Let m(r) = -5*d(r) + 6*n(r). Suppose 4*q = 8*q + 2*g, 5*q + 7 = g. Is m(q) composite?
False
Let c(b) = -b**3 - 3*b**2 + 8*b - 11. Let i be c(-5). Is i + 4 - (-580 + -4) a composite number?
False
Let s(z) = z**3 - 3*z**2 + 2*z. Let g be s(2). Suppose 0 = -g*b - 4*b + 3*n - 2138, n - 2142 = 4*b. Is -1 + (b/1)/(-2) a composite number?
True
Let y(x) = -x**2 + 8*x - 9. Let n be y(6). Suppose -n*c = 2*c - 2645. Is c prime?
False
Let d(w) = 4*w - 1. Let m be d(-2). Let n(j) = 3*j. Let c be n(1). Is 6/m*-33 - c prime?
True
Let b(h) = 2*h**2 + 4*h - 2. Let p be b(1). Suppose 387 = p*f - 841. Is f composite?
False
Suppose 24*l = 34*l - 30. Suppose 3*p + 5*o = 2*o + 147, 5*p - 239 = -3*o. Is l/((9/p)/3) a composite number?
True
Suppose 6*i - i + n - 11 = 0, 11 = 3*i + 5*n. Suppose -i*d + 13268 = -966. Is d a prime number?
False
Let a = -11 - -15. Let r = 9 - -7. Suppose -r = a*t, -t - 446 = -3*z + 4*t. Is z a composite number?
True
Suppose 28*l = 14144 + 23964. Is l prime?
True
Let w(z) = 848*z**2 + 6*z + 5. Is w(-3) a composite number?
True
Is (19416/(-16))/((-33)/374) composite?
True
Let w(t) be the third derivative of -4/3*t**3 + 0 + 0*t - 3*t**2 + 3/8*t**4. Is w(13) composite?
False
Let s be 1*-3678*(-8)/16. Suppose 3*j = -378 + s. Is j a composite number?
False
Let z be 5/(-15) - 1/(-3). Suppose z = o + 4*o. Suppose o*i - 4*i = 5*m - 731, -5*m - 701 = -4*i. Is i prime?
True
Suppose 3*f + 3 = 5*l - 10*l, -4*l = f + 8. Suppose -f*k = -k - 633. Is k prime?
True
Let u(i) = 215*i**2 + i - 1. Let n(d) = -2*d**3 + 3*d + 2. Let g be n(-1). Is u(g) a prime number?
False
Let i(q) = -15*q - 10. Suppose -57 = -3*s + 27. Let x = 21 - s. Is i(x) a composite number?
True
Suppose -5*y = -4*r + 47151, 3*y - 11792 = -0*r - r. Is r a prime number?
True
Suppose -3*o - 15 = -36. Suppose 0 = -q + 6 + o. Is q composite?
False
Let f be 2/2*(-4276)/(-4). Let o = 0 - -2. Suppose o*w - f = -5*t, 0*t - 4*w - 205 = -t. Is t a composite number?
True
Is (-1485 - 1)*(2 + (-99)/18) a composite number?
True
Suppose 4*v - 191 = 5*g, -11 = 4*v - 3*g - 212. Let u be (-12)/v + 2/9. Suppose u*p + 4*p - 348 = 0. Is p a prime number?
False
Let i(d) = 5*d + 9. Let c be i(-15). Let t = c - -117. Is t a composite number?
True
Is ((-3086 - 5)*5 - -4)*-1 a prime number?
True
Let p(h) = 23*h**2 - 22*h + 1. Is p(14) a prime number?
True
Suppose -b + 24694 = 5*t, b + 4*b - 123446 = -t. Is b a prime number?
False
Suppose -38*j = -28*j - 17110. Is j prime?
False
Suppose j = 4*x - 13, 3*x - 20*j + 25*j = 4. Let a be 4/(-22) - 14823/(-33). Suppose x*k - a = 880. Is k a prime number?
True
Let x(k) = 12*k + 25. Let t be x(0). Let g(l) = 6*l**2 - 9*l + 4. Let w be g(6). Let y = t + w. Is y a composite number?
False
Let b(o) = o**3 - 9*o**2 - 11*o - 1. Let l be b(10). Let m = 14 - l. Suppose -4*d + 285 = m. Is d composite?
True
Let o = 12 + -13. Let f be 0/(o/(3 - 2)). Suppose -8*n + 7*n + 21 = f. Is n a prime number?
False
Let w(y) = -1101*y - 5. Let t be w(4). Let o = -2018 - t. Is o a composite number?
True
Let t(v) = v - 1. Let m be t(2). Suppose -3*b + 6 = 2*l - 5, -2*b + 5*l = -m. Suppose 2*w = -5*n + 95, 6*w - 120 = b*w - 3*n. Is w a composite number?
True
Let u(i) = i**2 + 6*i + 12. Let y be u(-5). Let r(f) = f. Let s be r(y). Is 239 - (s - 3)*1 composite?
True
Suppose 35*z = 32*z + 15. Is 68742/30 + (-2)/z prime?
False
Let n(z) = 1309*z**2 + 17*z + 11. Is n(-6) composite?
True
Let d(g) = -715*g**2. Let f be d(-2). Let s = f - -5789. Is s composite?
True
Suppose -38 - 2 = -5*u. Let w be (2/5)/(u/1720). Let t = -37 + w. Is t a prime number?
False
Suppose 7*r - 39735 = -766. Is r a composite number?
True
Suppose 0 = 2*f - 45 - 43. Is 8/f - (3 - 26724/33) composite?
True
Suppose 0 = h - 6*h + 5870. Let r = h + -489. Is r composite?
True
Let b = -29412 - -55969. Is b a prime number?
True
Let w(r) = -r**3 + 5*r**2 - 5*r + 4. Suppose 3*q + 2*z - 3 - 1 = 0, 3*q + 5*z = -8. Let x be w(q). Suppose 3*c + x*c = 381. Is c prime?
True
Let n(a) = 12*a**3 + 7*a**2 - 4*a - 2. Suppose 3*w + 14 = 2*b, -2*w - 12 = -4*b + 2*b. Is n(b) composite?
True
Let h be 3*(-1 + -3 + 1). Let n be ((-6)/(h/(-3)))/(-2). Is -3*n*(-596)/12 prime?
True
Suppose -4*n + 1410 = 2*l, 2*l + 5*n - 581 - 834 = 0. Let b = -10 + l. Is b prime?
False
Is (-1)/(-6)*-11*3083334/(-253) prime?
True
Let d(h) = 54*h**2 - 5*h + 6. Let t(g) = -55*g**2 + 5*g - 7. Let r(b) = -2*d(b) - 3*t(b). Is r(-8) composite?
False
Let w be 2/(-6 + (-19992)/(-3330)). Suppose -4*g = 5*p - 14, -4*g = 4*p - p - 10. Suppose i = p*i - z - 119, 5*z = -5*i + w. Is i a prime number?
False
Let s(d) be the third derivative of 0*d - 6*d**2 + 3/20*d**5 - 1/8*d**4 + 0 + 1/120*d**6 - 11/6*d**3. Is s(-8) prime?
False
Suppose -5*v = -6980 - 2985. Is v a composite number?
False
Suppose -s = s - 12. Suppose 0 = -4*o - 5*k + 25, -3*k = -s*o + o + 22. Suppose -5*n = -o*g - 90, 63 = 4*n - 0*g - g. Is n a prime number?
False
Suppose -5*s - 3*d = -8*d - 3735, -5*d = 2*s - 1487. Is s composite?
True
Suppose 28997 = 4*u + 5*d, -3*u + 14*d - 12*d = -21719. Is u a composite number?
False
Let h be ((-3)/(-2))/(3/4). Suppose 0 = 5*s + 3 - 8. Is -2*((-183)/h - s) a prime number?
False
Let s = 16848 - 7261. Is s prime?
True
Let v = -16 - -14. Let a = v - -12. Is 4434/a + (-8)/20 a composite number?
False
Let i(l) = 1071*l - 103. Is i(6) a composite number?
False
Let p(c) = 11*c**2 + 39*c + 29. Is p(-17) prime?
False
Let n(u) = -134*u + 12. Le